0. What are the prime factors of q?
2, 5
Suppose -237956 = -77*c + 68*c + 276331. List the prime factors of c.
57143
Suppose -5*k = -4*g - 11, 2*k + 0*g - 4 = 2*g. Suppose -k*y + 936 = -0*y. Suppose -11*h + y = -8*h. What are the prime factors of h?
2, 13
Suppose 0*l + t + 11 = 3*l, 8 = 4*l - 3*t. What are the prime factors of (-2870)/28*(-8)/l?
2, 41
Let h = 3915 + -2138. Suppose -3*i = 4*g - h, -1372 + 174 = -2*i + 4*g. Suppose -9*f - 1 + i = 0. List the prime factors of f.
2, 3, 11
Let w(j) = -87*j + 127. Let c be w(-24). Suppose 27*l = 2753 + c. What are the prime factors of l?
2, 23
Let o be (-26)/(-18) - 12/27. Let f be o + (-7388)/20 + 4/10. Let w = 521 + f. List the prime factors of w.
3, 17
Suppose 0 = -h + 1 - 7. Let b = h - -8. Let r = b + 49. List the prime factors of r.
3, 17
Let n(g) = -g**2 + 2*g - 1. Let l be n(3). Let c(q) = -q**2 - 4*q + 2. Let k be c(l). List the prime factors of -9 + 118 - (0 + k).
107
Let w(m) = -m**3 + 31*m**2 + 25*m - 24. What are the prime factors of w(23)?
4783
Suppose -2*g = 2*c + 312, 2*c + 152 = -g - 3*c. Suppose 5*t = -4*m + 7*m - 546, -5*m = -5*t - 540. Let p = t - g. What are the prime factors of p?
2, 23
What are the prime factors of ((-45)/10)/((-42)/(-5089))*224/(-6)?
2, 7, 727
List the prime factors of (-25773)/(-484)*(-560)/(-6).
2, 5, 7, 71
Suppose 3*s - 15*u - 62649 = -11*u, 4*u - 104447 = -5*s. What are the prime factors of s?
20887
Let y(f) = 4*f + 43. Let r be y(-11). List the prime factors of 6 + (3 - 1 - 1123)*r.
7, 23
Suppose 2*s = 0, 7*s - 3*s - 84 = 4*k. Let i(v) = v**2 - 2*v + 37. What are the prime factors of i(k)?
2, 5, 13
Suppose 0 = 45*i - 42*i - 1032. Let c = i - 204. List the prime factors of c.
2, 5, 7
Let n be -2 + -47 + (-2)/(-1). List the prime factors of n*(-11)/((-220)/72)*-5.
2, 3, 47
Suppose -7*i + 2608 = 536. List the prime factors of i.
2, 37
Let n be (-1 + -1 - 0)*(-9)/18. Let a be (n - 0)*(15 + (1 - 3)). Suppose -7*w = -a*w + 1770. What are the prime factors of w?
5, 59
Let c = 1848 - 966. Let t = 1761 - c. List the prime factors of t.
3, 293
Let a(p) = -167*p - 1518. What are the prime factors of a(-49)?
5, 31, 43
Let g(o) = -3*o + 94. Let a be g(21). Suppose -j + 42 = -a*r + 27*r, -3*j - r = -100. List the prime factors of j.
2, 17
Let d be ((-37)/37)/(1 - 4098/4096). Suppose -4*b = 2*i - d, -3*b - 2066 = -5*i + 3054. List the prime factors of i.
2
Let a = -39892 - -79817. What are the prime factors of a?
5, 1597
Suppose v + 2386 - 2390 = 0, 3*v - 72183 = -3*t. What are the prime factors of t?
3, 11
Let i(d) = 32*d**3 + 4*d**2 + 79*d - 374. List the prime factors of i(5).
13, 317
Let u be -3 + 5/20 + 42044/16. Suppose -355*h + 362*h = u. List the prime factors of h.
3, 5
Let j(l) = 11*l**3 - 5*l**2 + 77*l - 761. What are the prime factors of j(10)?
3, 31, 113
Let n(i) = 3*i - 55. Let q(p) = 5*p - 82. Let y(v) = -8*n(v) + 5*q(v). Let j be y(-16). What are the prime factors of (-7)/(j/(-96)) + 1 - 3?
2, 23
List the prime factors of (-89086)/(-24) + ((-573)/36 - -16).
2, 29
Suppose -3232*n = -3273*n + 1655498. What are the prime factors of n?
2, 13, 1553
Let j = -443 - -448. Let v(s) = 335*s - 30. What are the prime factors of v(j)?
5, 7, 47
Suppose 5*c - 81 = -51. What are the prime factors of 4 - (-6650)/21 - 4/c?
2, 5
Suppose 0*t + 10 = -5*t, 3*p + 3*t - 36 = 0. List the prime factors of p/21 - 1556/(-6).
2, 5, 13
Let y(o) = 28*o**2 - 385*o - 4366. What are the prime factors of y(-11)?
3257
Let d(c) = -425*c - 407. What are the prime factors of d(-19)?
2, 3, 71
Let h = -162 + 757. Let y = -61 + h. What are the prime factors of y?
2, 3, 89
Suppose 0 = 421*o - 416*o + 4015. What are the prime factors of (o/1 + 16)/(-1*1)?
787
Let a(q) = 9*q**3 + q**2 + 4*q - 20. Let y(j) = 7*j**3 + j**2 + 3*j - 20. Let z(b) = 3*a(b) - 4*y(b). List the prime factors of z(0).
2, 5
Suppose -k + 456 = -3*y + 2*k, 3*y = k - 466. Let d = -152 - y. List the prime factors of d.
5
Let u(r) = -175*r**3 - 3*r**2 + 2*r + 13. Let x(s) = s**3 - 17*s**2 + 33*s - 47. Let w be x(15). What are the prime factors of u(w)?
11, 127
Suppose y - 134 = -2*i, i - 79 = -4*y - 26. Let p = 73 - i. Suppose -3*g + 171 = -p*c + 1, -2*g + 5*c = -125. List the prime factors of g.
2, 5
Let w(b) = -121*b + 21*b - 3 - 56. List the prime factors of w(-12).
7, 163
Let g = -367 + 646. Suppose g = -0*u + u. List the prime factors of u.
3, 31
Let w be (-2)/24*-164 - (-1)/3. Let l = 19 - w. Suppose -48 = -o - l*s + 13, -3*s = 0. What are the prime factors of o?
61
Suppose 768 = 2*x - 14*g + 12*g, 4*g + 762 = 2*x. Suppose -v + 3*v - x = -5*l, -2*v + 3*l = -379. List the prime factors of v.
191
Let m(d) = 2*d**2 + 16*d - 37. Let g be m(2). Suppose 0 = w + 6*c - g*c - 415, 4*c - 2130 = -5*w. List the prime factors of w.
2, 5, 43
Let t = 9181 + 321. List the prime factors of t.
2, 4751
Let c(z) = -158*z**3 - 7*z**2 - 75*z - 323. What are the prime factors of c(-5)?
19, 1033
Let u(c) = 4*c**2 - 12*c + 14. Let a be 382/(-18) - (-12)/54. Let p be (-1)/(1 - 39/a - 3). List the prime factors of u(p).
2, 3, 7
Suppose -3*v = -23*s + 21*s + 21, 0 = -3*s + 4*v + 29. Suppose -225 = -0*y - y. Suppose d + 3*r - 31 - 48 = 0, 3*d + s*r - y = 0. List the prime factors of d.
73
Let c(d) = -26*d**2 - 10*d - 60. Let a be c(-6). Let o = a - -1571. List the prime factors of o.
5, 127
Let x be ((-1)/1 - 0) + 4. Let m(t) = -64 + x*t**2 - 4*t**2 + 55 - 13*t. List the prime factors of m(-6).
3, 11
Let f = -2073 + 5104. List the prime factors of f.
7, 433
Suppose 1976380 = 144*m + 335356. What are the prime factors of m?
2, 7, 11, 37
Suppose 25*o - 39 = 12*o. Suppose -7*f + o*f + 5*z = -5041, 2*z = -10. List the prime factors of f.
2, 3, 11, 19
Let i(d) = -6*d - 74. Let z be i(-12). Let s be (-1 - (41 - 0)) + z + 0. Let g = 33 - s. List the prime factors of g.
7, 11
Let w be 4 - (2 + 3/(-2))*-2. Suppose k - 2*z + 10 = 0, -k + w*z = 20 + 5. Suppose 6*q - 109 - 329 = k. What are the prime factors of q?
73
Let w = -369 - -371. Suppose -1135 = w*g - 7*g. What are the prime factors of g?
227
Let y = 375 + -218. Let w(t) = -6*t**2 - 6*t - 2. Let a be w(-4). Let u = y + a. List the prime factors of u.
83
Let n(u) = u**3 - 6*u**2 - u + 2. Suppose -5*b - 25 = 5*l, 4*l = -2*b - 10 - 8. Let i be ((-40)/(-1))/5 + b. List the prime factors of n(i).
2, 11
List the prime factors of (5 + -6)/(6/17004)*-1.
2, 13, 109
Suppose -11420 = -3*q - 212. List the prime factors of q.
2, 467
Suppose 5*l + 2*q = 674, -5*q = -l + 82 + 42. Suppose 4*g + 347 = -3*h, 5*g - 4*h + l + 323 = 0. Let n = g + 174. What are the prime factors of n?
5, 17
Let t be (-323)/(-170) - 1/(-10). Let s(o) = 2*o**t + 5*o + 15*o - 6*o + 12. What are the prime factors of s(-10)?
2, 3
Suppose -r - 72 = -9*r. Let k be -5 + r/(36/32). Suppose o = k*p - 85, o = p + 6*o - 39. What are the prime factors of p?
29
Suppose 5 = -t, s = 3*t + t + 56. Suppose 775 - 916 = -3*m. Let x = m - s. List the prime factors of x.
11
Let i(d) = d - 9. Let f be i(-7). Let j be f/32*8/(-1). Suppose j*h = -o + 324, o + 0*o = -h + 81. What are the prime factors of h?
3
Let n be (-27)/(-36) + (-81)/12. Let q be ((-11848)/(-28))/(-2) + n/14. Let m = -116 - q. List the prime factors of m.
2, 3
Let g(i) = 4*i**2 - 9*i - 10. Let b be 2/(4/(-29))*(13 - 19). Let l = b + -82. List the prime factors of g(l).
3, 5
Suppose 0*z - 24 = 3*z. Let v = z - -4. List the prime factors of (-362)/(-4) + (-2)/v.
7, 13
Suppose 59 = -3*x - r, 16 = -6*r + 10*r. Let l = -8 - x. Let f(s) = 2*s**2 - 6*s - 26. What are the prime factors of f(l)?
2, 3, 13
List the prime factors of (103885/237)/(30/36).
2, 263
Let t(o) = 3*o**3 + 4*o**2 - 4*o + 3. Suppose -4*c - 12 = d, 5*c + d + 9 = -7. Let z be t(c). Let n = z + 160. List the prime factors of n.
3, 17
Let s = 24984 - 12527. List the prime factors of s.
12457
Suppose -243*r = -9240247 + 2963314. What are the prime factors of r?
13, 1987
Suppose 2*l - 14 = 5*z - 16, 3*z - 3*l - 3 = 0. Suppose 13*v + 115 - 6927 = z. List the prime factors of v.
2, 131
What are the prime factors of ((-1)/(-3))/(((-54)/(-3))/972)?
2, 3
Let h be (3 + -2)*7 + 20/(-10). Suppose 2*j + h*p - 440 = 0, -9*j - 227 = -10*j + p. What are the prime factors of j?
3, 5
Let i(r) = -r**2 + r - 1. Let o(k) = -5*k**2 - 3*k - 3. Let m(q) = 2